j - 2*d = 936. Suppose 38 = -j*k + 238*k. Calculate the remainder when z is divided by k.
16
Let h(j) = j**2 + 3*j - 18. Let q be h(-6). Let x(v) = 9*v + 53. What is the remainder when x(q) is divided by (-184)/(-10) + 2/(-5)?
17
Let p be (429 - 4) + (-2 - (3 + -1)). Let n = -232 + p. Calculate the remainder when n is divided by 24.
21
Suppose -5*z = -5*w, 24 = 2*w + 8*z - 4*z. Let y(o) = 6*o - 7. Let t be y(w). What is the remainder when (3 + -1)/(1/t) is divided by 7?
6
Let c(s) = s**3 - 18*s**2 + 34*s - 29. Let n be c(16). Suppose 3*g - n*v - 105 = 0, 3*v = 2*g - g - 45. Calculate the remainder when 102 is divided by g.
12
Suppose 5*n + 83 = 4*l, 2*l - 57 = -l + 2*n. Calculate the remainder when 1/(-1) - 726/55*(-10)/2 is divided by l.
14
Suppose n + 2*v - 2385 = 0, -751*n - 5*v - 4842 = -753*n. Calculate the remainder when n is divided by 41.
23
Let b(d) be the third derivative of d**5/60 - d**4/24 + 21*d**3 - d**2. Let v = 3457 - 3414. What is the remainder when b(0) is divided by v?
40
Let p = -85 - -89. Suppose 6*g - p*g + 9 = r, -3*r + 2*g + 23 = 0. Suppose r*u + 2*u - 162 = 0. Calculate the remainder when u is divided by 3.
0
Let p(m) = -2*m**3 + 41*m**2 - 193*m - 8. What is the remainder when 113 is divided by p(13)?
5
Suppose 0 = -2*t - 5*q, -9*t = -6*t - 3*q - 21. Suppose -z + 2*a - 223 + 752 = 0, 0 = t*z - 2*a - 2637. What is the remainder when z is divided by 53?
50
Calculate the remainder when 660 is divided by 5 - -138*4/(-36)*-3.
48
Let m(l) = -l**3 + 9*l**2 - 5*l - 8. Suppose 4*q = -5 + 37. What is the remainder when 31 is divided by m(q)?
15
Let f = -142 - -243. Let a = -52 + f. Let j = a + -36. What is the remainder when j is divided by 7?
6
Suppose 47 + 17 = 4*v. Let i = -228 + 219. Calculate the remainder when v is divided by (-21 - i)/(-1*4/2).
4
Let b = -5201 - -8778. Calculate the remainder when b is divided by 1190.
7
Let s be (((-36)/10)/(-3))/(23/(-115)). Calculate the remainder when 44 is divided by 4/s*(-198)/6.
0
Let y = -15 - -57. Suppose -3*c + 5 = -4*j - 5, 11 = 3*c - 5*j. What is the remainder when y is divided by ((-115)/(-15))/(2/(4 + c))?
19
Let h(l) = 37*l + 170. Let u(f) = 72*f + 339. Let c(i) = -5*h(i) + 3*u(i). What is the remainder when 69 is divided by c(-5)?
9
Let w(x) = -x**3 + 6*x**2 + x + 3. Let u = -184 + 189. What is the remainder when 128 is divided by w(u)?
29
Calculate the remainder when (-4)/((-352)/78639) + 3/8 is divided by 81.
3
Suppose -451 = -5*o - 3*l, 5*l = o + o - 168. What is the remainder when o is divided by 42 + -9 + -23 + (-1 - -4)?
11
Let m = -29 - -25. Let y be 1/(m + 34/8). Suppose 4*q = -4*u + 120, 4*q + y*u - 2*u = 126. Calculate the remainder when q is divided by 9.
6
Let y be (-10)/3*(0 + (-3)/2). Suppose p = -3*t + 25, -t = t - y*p - 11. Let m = t + 7. Calculate the remainder when 21 is divided by m.
6
Suppose -w = -2*h - 10 + 153, 5*h + 2*w = 371. What is the remainder when 638 is divided by h?
54
Let n be 1 + (-7 - -2)*(-73 - 0). Let k be 20/(-6)*n/(-4) + 3. Suppose -2*t = -2*j + 212, 2*t - k - 128 = -4*j. What is the remainder when j is divided by 37?
34
Let s(r) be the second derivative of -15*r + 5/3*r**3 + 7/12*r**4 - 1/20*r**5 + 0 - r**2. Calculate the remainder when s(8) is divided by 5.
4
Let z(a) = -6*a - 15. Let q be z(-7). Let v = -37 - q. Let s = 71 + v. Calculate the remainder when s is divided by 3.
1
Suppose -2*i + 17412 = -4*d, 5*i - 30*d - 43566 = -29*d. Calculate the remainder when i is divided by 105.
104
Let l = 200 + -175. Let j(r) = -318*r - 1784. What is the remainder when j(-6) is divided by l?
24
Suppose 5*n = 37 - 22. Suppose 5*r - n = 107. What is the remainder when r is divided by 4?
2
Suppose -42*i + 260 = -788 - 380. Let t = -86 - -255. What is the remainder when t is divided by i?
33
Suppose -c + 63 - 7 = -4*u, 3*c + 72 = -4*u. Let w(v) = 2*v**2 + 18*v + 77. What is the remainder when w(u) is divided by 29?
25
Suppose 1 = -16*t + 81. Suppose -4*z - z = -p + 41, -5 = 5*z. Suppose -30 - p = -6*x. What is the remainder when x is divided by t?
1
Let k be ((-2)/2)/(2/8). Calculate the remainder when 4620/22*k/(-6) is divided by 37.
29
Let g be (4/4)/(-2) - 2505/(-6). Let q = g - 407. What is the remainder when q is divided by 6?
4
Let w be (10/(-2) - -5)/(2/1). Suppose -2*o = -3*t - 74 - 45, o - 4*t - 62 = w. Let h(n) = n**3 + 6*n**2 + 3. What is the remainder when o is divided by h(-3)?
28
Suppose -103*y + 105*y - 14 = 0. Suppose p + y*p = 224. What is the remainder when 79 is divided by p?
23
What is the remainder when 8967 is divided by 184/414 + (-6348)/(-54)?
117
Let z = -16 + 10. Let i(j) be the third derivative of j**5/60 + j**4/12 - 4*j**3/3 + 18*j**2 - 11*j. What is the remainder when 62 is divided by i(z)?
14
Let f(d) = -d**3 + 15*d**2 - 4*d - 14. Let i be f(15). Let c = -74 - i. Suppose c = -10*j + 143 + 7. Calculate the remainder when j is divided by 6.
3
Suppose 0 = -5*c + 43 + 107. Calculate the remainder when c is divided by -1 - ((-26)/6*3 - 0).
6
Suppose -2*l - 31 + 33 = 0. Let p = -29 + 51. Suppose -4*n - p - l = -v, 4*v = -3*n + 73. What is the remainder when v is divided by 8?
3
Let o = 75 - 87. Let d be 54/o*(-12)/9. Suppose -2*p = 7*i - d*i - 10, -4*p + 8 = -i. Calculate the remainder when 11 is divided by i.
3
Let i(y) = -y + 15. Let g be i(22). Let s be (g + -2 + 5)/(12/(-42)). Suppose 12*o + 244 = s*o. Calculate the remainder when o is divided by 42.
38
Let a = 26 + -10. Suppose -12*h = -a*h - 24. What is the remainder when 60 is divided by (-1 - 0 - -27) + h/3?
12
Let b = -16 + 18. Suppose b*g - 754 = -0*g. Let s(o) = -o**2 - 26*o - 82. What is the remainder when g is divided by s(-6)?
35
Let w(r) = 2*r**3 + 27*r**2 - 4*r + 1. Let q be w(-14). Let g = q - -159. What is the remainder when 54 is divided by g?
14
Suppose 1539 = 61*y - 8953. Let i = -133 - -183. Calculate the remainder when y is divided by i.
22
Let z = 10116 + -10112. What is the remainder when 2239 is divided by z?
3
Let l be (702/12)/9*16. Suppose m + 3*p - 76 = 2*m, -3*p + 167 = -2*m. Let d = m + l. Calculate the remainder when 51 is divided by d.
12
Suppose 338*w = 315*w + 24150. Calculate the remainder when w is divided by 283.
201
What is the remainder when 42702 is divided by 2730/117 - 4/(-6) - 11?
10
Let r = 5537 - 5500. What is the remainder when r is divided by 20?
17
Suppose -s + 140 = -4*z, 25*z - 23*z = -2*s + 240. Calculate the remainder when s is divided by (40/(-6) - -1)/((-28)/168).
22
Let q(v) = 11*v**3 + 27*v**2 - 38*v + 12. Let w(k) = -2*k**3 + k**2 + k. Let c(r) = q(r) + 6*w(r). Calculate the remainder when 26 is divided by c(32).
2
Let o(r) = 44 + 3*r + 76 - 4*r - 75. What is the remainder when 136 is divided by o(9)?
28
Let r = 13 + -5. Let a(j) = -2*j**2 + 18*j - 10. Let t be a(r). What is the remainder when 14 is divided by 16/(-32)*3/(-1)*t?
5
Suppose 2*v + 0*v - 24 = 0. Calculate the remainder when ((-10608)/340)/(5/(50/(-3))) is divided by v.
8
Suppose 3*d = 35 + 34. Suppose t - d = 7. Suppose 4*y + t = 106. Calculate the remainder when 48 is divided by y.
10
Suppose 120 = j + 3*j. Suppose 6*n - n - j = 0. Suppose 2*o + 43 = m, 179*m - 243 = 174*m - 4*o. Calculate the remainder when m is divided by n.
5
Suppose 3*y + 3*j = 0, 2*y + 4*j + 4 + 0 = 0. Calculate the remainder when 5*(y - 3) - -8*83 is divided by 15.
14
Suppose 2*y - 4*r - 2 = 0, -r - 3*r + 3 = -y. Suppose -5*h + 5*w - 145 + 25 = 0, -5*w - y = 0. Let i = -22 - h. What is the remainder when i is divided by 3?
0
Let z be (-4)/(-6) - 1/(-3). Let k = 13 - z. What is the remainder when 5/(-10)*10*132/(-15) is divided by k?
8
Let b(u) = 45*u - 3437. What is the remainder when b(113) is divided by 59?
55
Calculate the remainder when 34 is divided by ((-204)/561)/((-20)/22) + 216/10.
12
Let y(m) = 42*m - 84. Suppose 57*g - 24 = 51*g. What is the remainder when y(g) is divided by 11?
7
Let t = -194046 - -194054. Suppose g - 2*g + 15 = 0. Suppose 3*f + g = 4*f. Calculate the remainder when f is divided by t.
7
Let t(i) = 3*i**2 + 3*i + 2. Let o be t(-2). Suppose 287 = -g + o*g. Let m = -36 + g. Calculate the remainder when 14 is divided by m.
4
Let s(h) be the third derivative of -h**6/120 + 7*h**5/12 + 19*h**4/6 - 8*h**3 - 32*h**2. What is the remainder when 71 is div